 Is a composite?
False
Let k = -4132 + 881. Let r = 5608 + k. Suppose -3*a + 4*u = -2741, -2*u - 2230 - r = -5*a. Is a a composite number?
False
Let k(a) = 2*a**3 + 13*a**2 - 5*a + 1. Let j be 984/(-252) - 4/42. Let p(m) = 4*m + 21. Let v be p(j). Is k(v) composite?
True
Suppose -5*m + 4*f + 1869283 = 0, -m = 5*m + 3*f - 2243163. Is m a composite number?
False
Let t(r) = -9*r - 11. Let k(b) = -55*b - 66. Let x(o) = 6*k(o) - 39*t(o). Let z be x(19). Is 1/(-1)*1 + z a prime number?
True
Is (-417556)/(-20) - (-16)/(-20) prime?
False
Suppose 5*p - 89797 = -4*t + 70897, -t + 40157 = 4*p. Is t composite?
True
Let u(z) = 188*z - 220. Let n be u(-11). Let b = 4441 + n. Is b composite?
False
Suppose -17*q + 24811 = -283501. Let c = q - 6183. Is c composite?
False
Let f = -158 + 164. Let z(p) = -18*p**2 - 17*p**2 - 5*p + 37*p**2 - 3 + 2*p**3. Is z(f) a composite number?
True
Suppose 512*y = 360*y + 6176216. Is y a prime number?
False
Let x be (-16)/6*(-266508)/(-44). Let b = -4469 - x. Is b prime?
False
Suppose -49*i + 79696 = -47*i. Suppose -29*u = -21*u - i. Is u prime?
False
Suppose 0 = -3*v + 2*k + 9001 + 1892, 5*k - 10872 = -3*v. Let x = v - 702. Is x prime?
True
Let s be 1 - -6 - (-3475 - 14). Let p be (-6*1)/((-22)/30569). Let o = p - s. Is o a composite number?
True
Suppose 199 = 22*m - 109. Suppose m*u - 17*u = -h + 1537, 0 = 2*h - u - 3084. Is h a composite number?
False
Suppose -n - 529*i = -528*i - 168940, -4*n + 3*i + 675739 = 0. Is n composite?
False
Let p(f) = 20*f + 13*f + 14*f + 68 + 16*f. Is p(29) prime?
False
Let s(y) = -16988*y - 885. Is s(-14) prime?
True
Suppose 3*a = 4*q - 3*q - 1747, 0 = -a - 3*q - 589. Let l = -290 - a. Is l a prime number?
True
Let s(l) = 125*l**2 - 44*l - 180. Is s(29) a composite number?
False
Let d(o) = -6 - 3 + 3*o + 5 - 17. Let y be d(7). Suppose -4*b + 14451 - 5183 = y. Is b prime?
False
Let m(l) = 38*l - 3. Let w be m(1). Suppose 0 = -0*o + 5*o - w. Suppose 3*y - o*y = -1788. Is y a prime number?
False
Let b = 578 + -197. Suppose v = -d + 6*d - b, 89 = d + 3*v. Is d prime?
False
Let c be (-104786)/26 + (-612)/(-2652). Let p be (-45733)/7 - 4/(-14). Let y = c - p. Is y prime?
True
Let x(c) = -c**2 - 27*c - 16. Suppose -32 = v - 2*m, 0 = -3*m + 6 + 6. Let q be x(v). Suppose -46 - q = -3*r. Is r a composite number?
True
Suppose -i + c + 1346 = 0, -2*c + 2 = 12. Suppose -20*t + 101361 = i. Is t prime?
False
Let i be 6/21 - (-664)/28. Suppose -19*m - 45 = -i*m. Is (-5)/((-15)/m) + 794 a prime number?
True
Let k = 33522 - 18746. Suppose -4796 = 10*t - k. Is t composite?
True
Let o(j) be the first derivative of -j**4/4 - j**3/3 + 4*j**2 + 2*j + 14. Let y be o(-7). Let f = y + -121. Is f a prime number?
False
Let v(l) = 23 + 3*l**2 - 49*l**3 + 6*l - l**2 + l**2. Is v(-4) composite?
True
Let r = 1541 + 99. Let g = r + 3659. Is g composite?
True
Is -2*5*(33/6)/(-11) - -351444 a composite number?
True
Let t be 2 + -3 + 4*2/(-4). Is 11/t*((0 - -1) + -238) prime?
False
Let r be 3 - (105/(-4) + (-2)/(-8)). Is (-2)/r - 2428640/(-928) composite?
False
Suppose 42*s - 26*s - 291600 = 0. Suppose w = -5*f + 6088, -w - 2*w - 2*f = -s. Is w a composite number?
False
Let i(k) = 2*k**3 - 3*k**2 + 47*k + 472349. Is i(0) a composite number?
False
Is 772/(-386)*513031/(-2) prime?
True
Suppose -4*a = -3*o + 4713451, o + 4*o - 7855755 = 5*a. Is o a composite number?
True
Let u(w) = 50*w + 41. Suppose -26 = -4*b + 38. Let q be u(b). Let h = 1368 - q. Is h a prime number?
False
Let c = 3747 - 462. Let m = c + -1628. Is (22 + -23)*-1*m a composite number?
False
Suppose -3*u = -5*p - 12623, -61*p = -u - 59*p + 4209. Is u a prime number?
True
Suppose -3*y + 4*y = 3*h + 51, 4*h = y - 68. Let b(j) = -j**3 - 16*j**2 + 19*j + 41. Let p be b(h). Suppose -1561 = -p*x - 0*x. Is x a composite number?
False
Let p(h) = 2*h**3 - 13*h**2 - 3*h - 43. Let u be p(7). Is 2/u - (-3721484)/780 prime?
False
Let v = -15 - -29. Suppose 9*q - v = 2*q. Let s(n) = 218*n**2 + 5*n - 5. Is s(q) composite?
False
Is (62/3)/(10203/(-4086) + (-50)/(-20)) a composite number?
True
Suppose -3*a - q = -56, 2 = -5*a - 2*q + 97. Let y(m) = -5*m. Let v be y(a). Is -2*v/10*(-1 - -60) a composite number?
True
Let h(g) = 64*g**2 - 62*g + 227. Is h(31) composite?
False
Let y be 56499/37 - (-14)/(-2). Let u = -1015 + y. Is u a prime number?
False
Suppose 84 = 69*q - 65*q. Suppose -10*k = -q*k + 44. Suppose -4*v - 30 = x - 119, k*x - 382 = -3*v. Is x a composite number?
False
Let z be (6/(-17))/(-3) + (-22172)/34. Let i = 27 - z. Is i a composite number?
True
Let x(o) = 130085*o + 93. Is x(2) a composite number?
False
Suppose 0 = -54*j + 55 - 40 + 147. Suppose 1118 = 4*g - 54. Suppose 5*v + g = j*p, -2*p + 447 = 3*p + 2*v. Is p composite?
True
Suppose 278 = -5*r - 4*b, 46 = -0*r - r + 4*b. Let u = r + 59. Suppose 2*l = -u*h + 3233, -4*h - 3*l = l - 2584. Is h a composite number?
False
Let w(r) = r - 1. Let y(v) = -11*v + 14. Let x(n) = 6*w(n) - 3*y(n). Is x(15) a composite number?
True
Let w(c) = 798*c**2 + 8*c - 7. Let z = 169 + -168. Is w(z) a composite number?
True
Let m(l) = -2449*l + 809. Is m(-8) a composite number?
True
Let z(n) be the first derivative of -n**4/2 - 13*n**3 + 27*n**2/2 - 55*n + 63. Is z(-30) prime?
False
Let t(y) = -y**2 + 14*y + 10. Let k be t(14). Suppose k - 10 = 2*j. Suppose 5*w - 15*w + 2170 = j. Is w prime?
False
Let v = -6 - -4. Is -3 - v - (-2712)/4 prime?
True
Suppose 16*j + 2940590 = -22*j + 48*j. Is j a prime number?
True
Suppose -15 = 52*g - 55*g. Is g/(-2) - (-56085)/30 composite?
False
Suppose 3*d - 43 = -64. Let n(w) = -293*w - 33. Is n(d) a prime number?
False
Let f(r) = r**2 + 11*r + 23. Let b be f(-8). Let d be 113/(b*(-5)/5). Is d/(-6)*(-10 - -4) a prime number?
True
Let v(c) = 406*c - 136. Let f be v(21). Suppose -72382 = -12*q + f. Is q composite?
True
Suppose 72 + 124 = 2*n. Suppose -n + 900 = 2*f. Is f prime?
True
Let d(y) = -y**3 + y**2 - y + 1. Let g be d(2). Let r(m) = 371*m - 12. Let x(u) = u + 1. Let q(n) = -r(n) - 4*x(n). Is q(g) a prime number?
False
Let m = -165 + 168. Suppose 36 = -m*s + 1353. Is s a prime number?
True
Let a = 6432 + -15073. Let m = 1488 - a. Is m prime?
False
Suppose -9*p - 17536 - 3992 = 0. Let b = p - -5985. Is b a prime number?
True
Suppose -2*y + 5*t - 12 = -33, 3 = -t. Let p be 0/((-22)/(-55)*-10). Suppose p*s = -y*s + 1893. Is s a composite number?
False
Let n(q) = 455*q + 32. Let l(g) = -3*g**2 + 44*g - 13. Let c be l(14). Is n(c) prime?
True
Let h(m) = 413409*m**2 - 6*m + 8. Is h(1) a prime number?
True
Let p(k) = 1670*k - 119. Suppose 240 = -0*w + 40*w. Is p(w) prime?
True
Let p(m) = 422*m + 11. Let c be p(-10). Let l = c - -8275. Suppose 3*g + 499 - l = 0. Is g a prime number?
False
Let q(h) = h**3 - 6*h**2 + 5*h - 8. Let a be q(4). Let g be ((-95088)/a)/(-6)*(-1 - 4). Suppose 1265 = -3*m + g. Is m a prime number?
False
Let v(m) = m + 20. Let a be v(-15). Suppose a*p - 15 = 420. Let r = 31 + p. Is r a composite number?
True
Let p(d) = -5 - 168*d - 29*d + 45*d. Let f be p(-15). Suppose -g = -f + 22. Is g a prime number?
False
Suppose 4*x = j + 426346, -4*j = 306*x - 305*x - 106561. Is x a prime number?
False
Suppose -5*b + 13 = 3. Suppose -b*j - 2*c = 2, -8*c - 29 = -j - 3*c. Suppose 0 = o - 5*u - 0*u - 138, -16 = -j*u. Is o a composite number?
True
Suppose 16936 = -3*o - i + 84604, 0 = 4*o + 2*i - 90220. Is o a prime number?
False
Let v be 2/(-3) - 6/((-162)/261). Let q(u) = -2*u**2 + 14*u + 47. Is q(v) composite?
False
Let v(k) = 11 + 44*k + 3 - 7 + 8. Suppose 3*j = -16*j + 171. Is v(j) a prime number?
False
Let u(m) = m**3 - 6*m**2 - 5*m - 10. Let r be 15 - 4 - 20/5. Let a be u(r). Is -8 + a - -858 - (0 + 3) prime?
False
Let p = 139811 - -27692. Is p a composite number?
True
Is ((-68)/(-18) - (-14 - -18)) + (-11758522)/(-18) composite?
True
Let q = -110 + 102. Let m be q/5 + 4*8/(-80). Is (m/(4/7069))/((-19)/38) prime?
True
Let w = 40 + -94. Is (81/w)/((-2)/244) a prime number?
False
Suppose 22*v - 19*v = -81. Let o(l) = -540*l - 206. Is o(v) a composite number?
True
Suppose 104603132 = 9*v + 203*v. Is v a composite number?
True
Let i(r) = r**3 + 19*r**2 - r - 17. Let u be i(-19). Suppose 2*z - 3*z - 4*b + 312 = 0, 2*b = -2. Suppose -4*s = -16, -n + u*s - z = -5*n. Is n a prime number?
False
